{"id":1651,"date":"2022-11-04T17:19:36","date_gmt":"2022-11-04T16:19:36","guid":{"rendered":"https:\/\/anjale.fr\/book\/?page_id=1651"},"modified":"2022-11-04T17:47:22","modified_gmt":"2022-11-04T16:47:22","slug":"tu-sais-faire","status":"publish","type":"page","link":"https:\/\/anjale.fr\/book\/?page_id=1651","title":{"rendered":"Tu sais faire ?"},"content":{"rendered":"\n<h4 class=\"wp-block-heading\">Tu sais faire ?<\/h4>\n\n\n\n<div style=\"height:20px\" aria-hidden=\"true\" class=\"wp-block-spacer\"><\/div>\n\n\n\n<div class=\"wp-block-media-text alignwide is-stacked-on-mobile\" style=\"grid-template-columns:30% auto\"><figure class=\"wp-block-media-text__media\"><img loading=\"lazy\" decoding=\"async\" width=\"1024\" height=\"1339\" src=\"https:\/\/anjale.fr\/book\/wp-content\/uploads\/2022\/11\/COUV_Tu-sais-faire-1024x1339.jpg\" alt=\"\" class=\"wp-image-1652 size-full\" srcset=\"https:\/\/anjale.fr\/book\/wp-content\/uploads\/2022\/11\/COUV_Tu-sais-faire-1024x1339.jpg 1024w, https:\/\/anjale.fr\/book\/wp-content\/uploads\/2022\/11\/COUV_Tu-sais-faire-229x300.jpg 229w, https:\/\/anjale.fr\/book\/wp-content\/uploads\/2022\/11\/COUV_Tu-sais-faire-768x1004.jpg 768w, https:\/\/anjale.fr\/book\/wp-content\/uploads\/2022\/11\/COUV_Tu-sais-faire-1175x1536.jpg 1175w, https:\/\/anjale.fr\/book\/wp-content\/uploads\/2022\/11\/COUV_Tu-sais-faire.jpg 1181w\" sizes=\"(max-width: 1024px) 100vw, 1024px\" \/><\/figure><div class=\"wp-block-media-text__content\">\n<p class=\"has-normal-font-size\">Sc\u00e9nario Swann Meralli<br>Editions Beurre Sal\u00e9<br>Collection Beurre D\u00e9ssin\u00e9<br> <br>\u00abMoi, je sais rouler ma langue, et toi, qu\u2019est-ce que tu sais faire ? \u00bb Un sc\u00e9nario plein d\u2019humour pour \u00e9changer sur ce que chacun sait faire\u2026 ou pas ! Des \u00e9changes anim\u00e9s qui ouvrent sur le respect de l\u2019autre, de ses diff\u00e9rences, de l\u2019entraide et, au-del\u00e0, des handicaps visibles ou invisibles.<br><br>40 pages<br>De 6 \u00e0 9 ans<br><br>Parution: Octobre 2022<br>ISBN : 979-10-96787-25-8<\/p>\n<\/div><\/div>\n\n\n\n<div style=\"height:30px\" aria-hidden=\"true\" class=\"wp-block-spacer\"><\/div>\n\n\n\n<figure class=\"wp-block-gallery columns-3 is-cropped wp-block-gallery-1 is-layout-flex wp-block-gallery-is-layout-flex\"><ul class=\"blocks-gallery-grid\"><li class=\"blocks-gallery-item\"><figure><a href=\"https:\/\/anjale.fr\/book\/wp-content\/uploads\/2022\/11\/tusais1.jpg\"><img loading=\"lazy\" decoding=\"async\" width=\"234\" height=\"300\" src=\"https:\/\/anjale.fr\/book\/wp-content\/uploads\/2022\/11\/tusais1-234x300.jpg\" alt=\"\" data-id=\"1658\" data-full-url=\"https:\/\/anjale.fr\/book\/wp-content\/uploads\/2022\/11\/tusais1.jpg\" data-link=\"https:\/\/anjale.fr\/book\/?attachment_id=1658#main\" class=\"wp-image-1658\" srcset=\"https:\/\/anjale.fr\/book\/wp-content\/uploads\/2022\/11\/tusais1-234x300.jpg 234w, https:\/\/anjale.fr\/book\/wp-content\/uploads\/2022\/11\/tusais1.jpg 767w\" sizes=\"(max-width: 234px) 100vw, 234px\" \/><\/a><\/figure><\/li><li class=\"blocks-gallery-item\"><figure><a href=\"https:\/\/anjale.fr\/book\/wp-content\/uploads\/2022\/11\/tusais2.jpg\"><img loading=\"lazy\" decoding=\"async\" width=\"234\" height=\"300\" src=\"https:\/\/anjale.fr\/book\/wp-content\/uploads\/2022\/11\/tusais2-234x300.jpg\" alt=\"\" data-id=\"1659\" data-full-url=\"https:\/\/anjale.fr\/book\/wp-content\/uploads\/2022\/11\/tusais2.jpg\" data-link=\"https:\/\/anjale.fr\/book\/?attachment_id=1659#main\" class=\"wp-image-1659\" srcset=\"https:\/\/anjale.fr\/book\/wp-content\/uploads\/2022\/11\/tusais2-234x300.jpg 234w, https:\/\/anjale.fr\/book\/wp-content\/uploads\/2022\/11\/tusais2.jpg 767w\" sizes=\"(max-width: 234px) 100vw, 234px\" \/><\/a><\/figure><\/li><li class=\"blocks-gallery-item\"><figure><a href=\"https:\/\/anjale.fr\/book\/wp-content\/uploads\/2022\/11\/tusais3.jpg\"><img loading=\"lazy\" decoding=\"async\" width=\"234\" height=\"300\" src=\"https:\/\/anjale.fr\/book\/wp-content\/uploads\/2022\/11\/tusais3-234x300.jpg\" alt=\"\" data-id=\"1660\" data-full-url=\"https:\/\/anjale.fr\/book\/wp-content\/uploads\/2022\/11\/tusais3.jpg\" data-link=\"https:\/\/anjale.fr\/book\/?attachment_id=1660#main\" class=\"wp-image-1660\" srcset=\"https:\/\/anjale.fr\/book\/wp-content\/uploads\/2022\/11\/tusais3-234x300.jpg 234w, https:\/\/anjale.fr\/book\/wp-content\/uploads\/2022\/11\/tusais3.jpg 767w\" sizes=\"(max-width: 234px) 100vw, 234px\" \/><\/a><\/figure><\/li><\/ul><\/figure>\n","protected":false},"excerpt":{"rendered":"<p>Tu sais faire ? Sc\u00e9nario Swann MeralliEditions Beurre Sal\u00e9Collection Beurre D\u00e9ssin\u00e9 \u00abMoi, je sais rouler ma langue, et toi, qu\u2019est-ce que tu sais faire ? \u00bb Un sc\u00e9nario plein d\u2019humour pour \u00e9changer sur ce que chacun sait faire\u2026 ou pas ! Des \u00e9changes anim\u00e9s qui ouvrent sur le respect de l\u2019autre, de ses diff\u00e9rences, de [&hellip;]<\/p>\n","protected":false},"author":1,"featured_media":0,"parent":0,"menu_order":0,"comment_status":"closed","ping_status":"closed","template":"","meta":{"footnotes":""},"class_list":["post-1651","page","type-page","status-publish","hentry"],"_links":{"self":[{"href":"https:\/\/anjale.fr\/book\/index.php?rest_route=\/wp\/v2\/pages\/1651"}],"collection":[{"href":"https:\/\/anjale.fr\/book\/index.php?rest_route=\/wp\/v2\/pages"}],"about":[{"href":"https:\/\/anjale.fr\/book\/index.php?rest_route=\/wp\/v2\/types\/page"}],"author":[{"embeddable":true,"href":"https:\/\/anjale.fr\/book\/index.php?rest_route=\/wp\/v2\/users\/1"}],"replies":[{"embeddable":true,"href":"https:\/\/anjale.fr\/book\/index.php?rest_route=%2Fwp%2Fv2%2Fcomments&post=1651"}],"version-history":[{"count":5,"href":"https:\/\/anjale.fr\/book\/index.php?rest_route=\/wp\/v2\/pages\/1651\/revisions"}],"predecessor-version":[{"id":1668,"href":"https:\/\/anjale.fr\/book\/index.php?rest_route=\/wp\/v2\/pages\/1651\/revisions\/1668"}],"wp:attachment":[{"href":"https:\/\/anjale.fr\/book\/index.php?rest_route=%2Fwp%2Fv2%2Fmedia&parent=1651"}],"curies":[{"name":"wp","href":"https:\/\/api.w.org\/{rel}","templated":true}]}}