{"id":1638,"date":"2022-11-04T17:00:56","date_gmt":"2022-11-04T16:00:56","guid":{"rendered":"https:\/\/anjale.fr\/book\/?page_id=1638"},"modified":"2022-11-04T17:01:49","modified_gmt":"2022-11-04T16:01:49","slug":"la-doc","status":"publish","type":"page","link":"https:\/\/anjale.fr\/book\/?page_id=1638","title":{"rendered":""},"content":{"rendered":"\n<h4 class=\"wp-block-heading\">La Doc&rsquo;<\/h4>\n\n\n\n<p style=\"font-size:18px\">une prof parmi d&rsquo;autres<br><\/p>\n\n\n\n<div style=\"height:21px\" aria-hidden=\"true\" class=\"wp-block-spacer\"><\/div>\n\n\n\n<div class=\"wp-block-media-text alignwide is-stacked-on-mobile\" style=\"grid-template-columns:31% auto\"><figure class=\"wp-block-media-text__media\"><img loading=\"lazy\" decoding=\"async\" width=\"668\" height=\"945\" src=\"https:\/\/anjale.fr\/book\/wp-content\/uploads\/2020\/08\/Couvdoc.jpg\" alt=\"\" class=\"wp-image-1295 size-full\" srcset=\"https:\/\/anjale.fr\/book\/wp-content\/uploads\/2020\/08\/Couvdoc.jpg 668w, https:\/\/anjale.fr\/book\/wp-content\/uploads\/2020\/08\/Couvdoc-212x300.jpg 212w\" sizes=\"(max-width: 668px) 100vw, 668px\" \/><\/figure><div class=\"wp-block-media-text__content\">\n<p class=\"has-normal-font-size\">Sc\u00e9nario : Stef<br>Editions Jarjille<br><br>\u00a0\u00bb Non, les profs ne sont pas en dehors de\u00a0<br>la \u201cvraie vie\u201d : comme tout un chacun,<br>Stef est partag\u00e9e entre sa vie professionnelle et sa vie familiale. Rien d&rsquo;extraordinaire dans ces moments choisis, si ce n\u2019est le regard particulier que Stef pose sur sa vie.<br>Elle nous d\u00e9voile, au travers de quelques histoires inspir\u00e9es de son quotidien, les difficult\u00e9s et les joies de son m\u00e9tier.<br>Et surtout les sujets qui la pr\u00e9occupent, sans pour autant en faire des g\u00e9n\u00e9ralit\u00e9s.<br>Apr\u00e8s tout, n\u2019y a-t-il pas autant de CDI que de professeurs documentalistes\u00a0?\u00a0\u00bb<\/p>\n\n\n\n<p>112 pages<br>Parution : Ao\u00fbt 2020<br>ISBN :978-2-918658-85-6<\/p>\n<\/div><\/div>\n\n\n\n<div style=\"height:22px\" aria-hidden=\"true\" class=\"wp-block-spacer\"><\/div>\n\n\n\n<figure class=\"wp-block-gallery columns-4 is-cropped wp-block-gallery-1 is-layout-flex wp-block-gallery-is-layout-flex\"><ul class=\"blocks-gallery-grid\"><li class=\"blocks-gallery-item\"><figure><img loading=\"lazy\" decoding=\"async\" width=\"700\" height=\"948\" src=\"https:\/\/anjale.fr\/book\/wp-content\/uploads\/2020\/05\/04-37.jpg\" alt=\"\" data-id=\"1088\" data-full-url=\"https:\/\/anjale.fr\/book\/wp-content\/uploads\/2020\/05\/04-37.jpg\" data-link=\"https:\/\/anjale.fr\/book\/?attachment_id=1088#main\" class=\"wp-image-1088\" srcset=\"https:\/\/anjale.fr\/book\/wp-content\/uploads\/2020\/05\/04-37.jpg 700w, https:\/\/anjale.fr\/book\/wp-content\/uploads\/2020\/05\/04-37-222x300.jpg 222w\" sizes=\"(max-width: 700px) 100vw, 700px\" \/><\/figure><\/li><li class=\"blocks-gallery-item\"><figure><img loading=\"lazy\" decoding=\"async\" width=\"700\" height=\"959\" src=\"https:\/\/anjale.fr\/book\/wp-content\/uploads\/2020\/05\/04-372.jpg\" alt=\"\" data-id=\"1089\" data-full-url=\"https:\/\/anjale.fr\/book\/wp-content\/uploads\/2020\/05\/04-372.jpg\" data-link=\"https:\/\/anjale.fr\/book\/?attachment_id=1089#main\" class=\"wp-image-1089\" srcset=\"https:\/\/anjale.fr\/book\/wp-content\/uploads\/2020\/05\/04-372.jpg 700w, https:\/\/anjale.fr\/book\/wp-content\/uploads\/2020\/05\/04-372-219x300.jpg 219w\" sizes=\"(max-width: 700px) 100vw, 700px\" \/><\/figure><\/li><li class=\"blocks-gallery-item\"><figure><img loading=\"lazy\" decoding=\"async\" width=\"700\" height=\"959\" src=\"https:\/\/anjale.fr\/book\/wp-content\/uploads\/2020\/05\/04-383.jpg\" alt=\"\" data-id=\"1090\" data-full-url=\"https:\/\/anjale.fr\/book\/wp-content\/uploads\/2020\/05\/04-383.jpg\" data-link=\"https:\/\/anjale.fr\/book\/?attachment_id=1090#main\" class=\"wp-image-1090\" srcset=\"https:\/\/anjale.fr\/book\/wp-content\/uploads\/2020\/05\/04-383.jpg 700w, https:\/\/anjale.fr\/book\/wp-content\/uploads\/2020\/05\/04-383-219x300.jpg 219w\" sizes=\"(max-width: 700px) 100vw, 700px\" \/><\/figure><\/li><li class=\"blocks-gallery-item\"><figure><img loading=\"lazy\" decoding=\"async\" width=\"700\" height=\"1005\" src=\"https:\/\/anjale.fr\/book\/wp-content\/uploads\/2020\/05\/04-384.jpg\" alt=\"\" data-id=\"1091\" data-full-url=\"https:\/\/anjale.fr\/book\/wp-content\/uploads\/2020\/05\/04-384.jpg\" data-link=\"https:\/\/anjale.fr\/book\/?attachment_id=1091#main\" class=\"wp-image-1091\" srcset=\"https:\/\/anjale.fr\/book\/wp-content\/uploads\/2020\/05\/04-384.jpg 700w, https:\/\/anjale.fr\/book\/wp-content\/uploads\/2020\/05\/04-384-209x300.jpg 209w\" sizes=\"(max-width: 700px) 100vw, 700px\" \/><\/figure><\/li><\/ul><\/figure>\n","protected":false},"excerpt":{"rendered":"<p>La Doc&rsquo; une prof parmi d&rsquo;autres Sc\u00e9nario : StefEditions Jarjille \u00a0\u00bb Non, les profs ne sont pas en dehors de\u00a0la \u201cvraie vie\u201d : comme tout un chacun,Stef est partag\u00e9e entre sa vie professionnelle et sa vie familiale. Rien d&rsquo;extraordinaire dans ces moments choisis, si ce n\u2019est le regard particulier que Stef pose sur sa vie.Elle [&hellip;]<\/p>\n","protected":false},"author":1,"featured_media":0,"parent":0,"menu_order":0,"comment_status":"closed","ping_status":"closed","template":"","meta":{"footnotes":""},"class_list":["post-1638","page","type-page","status-publish","hentry"],"_links":{"self":[{"href":"https:\/\/anjale.fr\/book\/index.php?rest_route=\/wp\/v2\/pages\/1638"}],"collection":[{"href":"https:\/\/anjale.fr\/book\/index.php?rest_route=\/wp\/v2\/pages"}],"about":[{"href":"https:\/\/anjale.fr\/book\/index.php?rest_route=\/wp\/v2\/types\/page"}],"author":[{"embeddable":true,"href":"https:\/\/anjale.fr\/book\/index.php?rest_route=\/wp\/v2\/users\/1"}],"replies":[{"embeddable":true,"href":"https:\/\/anjale.fr\/book\/index.php?rest_route=%2Fwp%2Fv2%2Fcomments&post=1638"}],"version-history":[{"count":5,"href":"https:\/\/anjale.fr\/book\/index.php?rest_route=\/wp\/v2\/pages\/1638\/revisions"}],"predecessor-version":[{"id":1644,"href":"https:\/\/anjale.fr\/book\/index.php?rest_route=\/wp\/v2\/pages\/1638\/revisions\/1644"}],"wp:attachment":[{"href":"https:\/\/anjale.fr\/book\/index.php?rest_route=%2Fwp%2Fv2%2Fmedia&parent=1638"}],"curies":[{"name":"wp","href":"https:\/\/api.w.org\/{rel}","templated":true}]}}